-9865. What is the tens digit of p?
5
Suppose -11*x + x + 150 = 0. Let q = 11 + -6. Suppose -x = 3*b, q*b - 24 = n - 157. What is the tens digit of n?
0
Let c(h) = -26*h + 11. Let i be c(-8). Let b be 2/(-6) + 70/21. What is the units digit of i/(-36)*b*-4?
3
Let l(t) = 9122*t**2 - 16*t - 23. What is the units digit of l(-1)?
5
Let x(u) = u**3 - 15*u**2 + 19*u - 98. Let b be x(16). Let j = b + -328. What is the units digit of j?
4
Let x(h) = -h**2 - 5 - 2*h + 4 - 6 + 4. Let u be x(-2). What is the tens digit of (31 + 1)/((-10)/4 - u)?
6
Let y be 519/3*(-6)/(-2). Suppose y = -0*x + 3*x. Suppose -2*n - 6 = 0, 3*n = s - 2*n - x. What is the units digit of s?
8
Let i(w) = -w**2 + 80*w + 28. What is the thousands digit of i(24)?
1
Suppose 9 + 33 = -2*f. What is the hundreds digit of ((-450)/f)/(1/7)?
1
Let s be 104/28 + (-20)/(-70). What is the tens digit of 1 + (-15)/(-5) + 648 + s?
5
What is the hundreds digit of 1 - (5 + -1507 - -9)?
4
Let f be (-8 + 7)*(-1699 + 0). Let h = -1182 + f. What is the units digit of h?
7
Suppose -p = -3*g - 5*p - 17, 3*g + 20 = -p. Let l be (969/84 + 2/g)*-4. Let q = 72 + l. What is the units digit of q?
7
Let o be 176/6 - (-2)/3. Suppose -5*x - q + 43 = 0, -x - x = 2*q - 14. Let v = o + x. What is the units digit of v?
9
Let r = -44109 + 63801. What is the thousands digit of r?
9
Suppose 20 = 2*d + v, 5*v + 48 = 3*d + 2*v. Suppose -d*y + 8*y = 1268. Let j = -140 - y. What is the tens digit of j?
7
Let w be -287 - (-8)/(48/(-18)). Let b = 442 + w. What is the hundreds digit of b?
1
Suppose 289767 + 31129 + 248624 = 20*n. What is the ten thousands digit of n?
2
Let g(n) = -30*n + 57. Let o = -65 - -52. What is the hundreds digit of g(o)?
4
Let l(j) = -33*j**2 + 5. Let r be l(-3). Let f = r + 152. Let o = f - -216. What is the units digit of o?
6
Suppose -3*t + 2 = 8. Let h be 2 - (t/(-5))/(2/(-10)). Suppose -4*l = -b - 43, 6 - 65 = -5*l - h*b. What is the tens digit of l?
1
Suppose -57*a - 121806 = -5*z - 54*a, 48720 = 2*z - 2*a. What is the ten thousands digit of z?
2
Let c(i) = 17*i**2 - 5*i - 1. Let u(v) = v**3 + 20*v**2 + 21*v - 4. Let l be u(-19). Let w = 46 + l. What is the hundreds digit of c(w)?
2
Let v be 8 - 10/(-8)*-4. Suppose 5*n - v*y = -4*y + 1252, -738 = -3*n - 5*y. What is the units digit of n?
1
Let u(a) = -a**2 + 4*a - 567. Let t be u(0). Let k = t - -1741. What is the thousands digit of k?
1
Suppose -2*g + 1632 + 676 = 0. Let y = -641 + g. What is the tens digit of y?
1
Suppose 1981*c - 1984*c + 60141 = 0. What is the ten thousands digit of c?
2
Let s(f) = f + 6. Let t be s(-3). Suppose 5*d - 4*p - 7 = 0, 3*d - 2*p = p + t. What is the units digit of (446/(-6) - d)/((-4)/6)?
6
Let k = 91 - 208. Suppose 656 = 3*j - 2*i, -15*i = -2*j - 14*i + 437. Let v = k + j. What is the hundreds digit of v?
1
Suppose -5*j = 5*v - 55, -v - 26 = -3*v + 2*j. Let r(b) = 14*b - 103. What is the tens digit of r(v)?
6
Let k be (5/(-2))/((-7)/(-14)). Let i(n) = -n**2 - 5*n + 4. Let b be i(k). Suppose b*o + 52 = 240. What is the tens digit of o?
4
Let a(m) = -m**3 + 7*m**2 + 13*m + 51. Let x be a(10). Let f = -50 - x. What is the units digit of f?
9
Let z(v) = 3230*v - 111. What is the tens digit of z(8)?
2
Let y = 272 + -178. Let z be (-1386)/(-44) - 6/(-4). Let u = y - z. What is the tens digit of u?
6
Suppose -11*q = 5553 + 849. What is the units digit of (q/(-24))/(2/24)?
1
Let s be -2*1/(-1) + 9 + -24. Let t = 16 + s. Suppose 4*y - 213 = -t*c + 8*y, 3*y + 142 = 2*c. What is the units digit of c?
1
Suppose 0 + 5 = l. Suppose -4 = 5*o + 8*r - 16, -4*r - 8 = -o. Suppose -38 = o*j - l*j. What is the tens digit of j?
3
Suppose 0 = 13*b + 38*b - 1266738. What is the ten thousands digit of b?
2
Let g(w) be the first derivative of 267*w**2/2 - 4*w + 49. What is the units digit of g(1)?
3
Let m = 1945 + -886. What is the thousands digit of m?
1
Suppose -2*m = 5*k - 25709, 514*k + 3*m = 509*k + 25711. What is the hundreds digit of k?
1
Let f(v) = 7*v**2 + 29*v + 43. Let p(s) = -s**2 - s - 1. Let c(w) = -f(w) - 6*p(w). Let k be 23 + -28 + 1*-14. What is the units digit of c(k)?
9
Suppose 6*r - 1940 = -4*k + r, -3*k = -r - 1455. Let g = 316 - k. Let a = g - -250. What is the units digit of a?
1
Suppose 30*v + v - 9238 = 0. Let t(d) = d**2 + 7*d - 15. Let h be t(-12). Suppose -h - v = -7*l. What is the units digit of l?
9
Let x be ((-81)/(-243))/(1/288). Suppose -644 = -4*b + 2*h, 0 = 4*h - 0 - 16. Let l = b - x. What is the units digit of l?
7
Let o(a) be the third derivative of -27*a**2 + 0*a + 1/24*a**4 + 0 + 1/2*a**3 - 5/12*a**6 - 1/20*a**5. What is the tens digit of o(-1)?
4
Let i(t) = 27*t**2 - 62*t + 19. What is the hundreds digit of i(-14)?
1
Let j(n) = -6*n + 152. Let r be j(23). Suppose -5346 = -r*x + 1696. What is the hundreds digit of x?
5
Let a = 13483 - -12716. What is the ten thousands digit of a?
2
Let m be (-228)/(-10)*(-80)/(-4). Let h = m + -227. What is the tens digit of h?
2
Let n(v) = -1 - 1 - 3*v**2 - 26*v**3 + 4 + 40*v**3. What is the tens digit of n(3)?
5
Suppose -5*n = 3*o - 10065, 4*n - 13408 = -5*o + 3380. What is the hundreds digit of (o/400)/(2/215)?
9
Let h be (65488/(-44))/(-2) + 6/(-33). Let p be h - ((-10)/15)/((-2)/(-9)). Suppose 68 + 852 = 5*t + 4*a, -4*t - a + p = 0. What is the units digit of t?
8
Let n be (1 - 1)/(-8 - -6). Let g be (-6)/((-3)/4 - n). Suppose -5*y + g*y - 9 = 0. What is the units digit of y?
3
Suppose -3 = -3*g + 3*f, -5*g + 7*g = 5*f + 8. What is the tens digit of 795/12 - g*2/(-8)?
6
Let p = -23214 + 24036. What is the units digit of p?
2
Let u = -2156 - -8798. What is the units digit of u?
2
Let u = -240 + 248. Let d(b) be the third derivative of -b**6/120 + 11*b**5/60 - b**4/3 + b**3/6 + 5*b**2. What is the units digit of d(u)?
9
Let q = 16390 - 9480. What is the tens digit of q?
1
Let m(h) = h**2 + 28*h - 11. Suppose -4*q + 2*c + 734 = 0, q + c - 174 - 8 = 0. Suppose -15*t - q = 252. What is the tens digit of m(t)?
1
Suppose 4*z + 2*p = 27238, 0 = -97*z + 102*z - 5*p - 34085. What is the tens digit of z?
1
Suppose -11*k = 1602 + 147. What is the units digit of (3 - k/1) + (14 - 11)?
5
Suppose 4*h = -6*h + 562213 + 415967. What is the ten thousands digit of h?
9
Suppose -23*c = -18*c - 9805. What is the hundreds digit of c?
9
Let j(w) = -3*w**3 - 30*w**2 + 26*w - 27. Let b = 282 + -295. What is the units digit of j(b)?
6
Suppose -16*t + 19*t = -21. Let j be (-2)/(-1) + (355 - 56/t). Suppose 2*u + a - j = -0*a, 3*u - 554 = 5*a. What is the hundreds digit of u?
1
Suppose -28 = -3*r - 4*a, 0 = 2*a + a - 12. Let v(t) = 448 - 453 + 68*t - 8*t. What is the hundreds digit of v(r)?
2
Let c be 2 + -10 + 37 + -12. Suppose 5643 = c*f + 407. What is the hundreds digit of f?
3
Suppose -7*x + 3*o = -6*x + 10, 5*x - 45 = -4*o. Suppose x*v = v + 788. Suppose -6*g + 661 = -v. What is the units digit of g?
3
Let f = 9991 - 4775. What is the tens digit of f?
1
Suppose -l - u - 34 = 4, 0 = -3*l - 4*u - 110. Let c = -43 + l. Let h = 169 + c. What is the tens digit of h?
8
What is the tens digit of (2 - -9 - 6) + 10879 + 0?
8
Let c = 3 - 0. Suppose 5*i - 3*l = -5*l + 16, c*i + 2*l = 8. Suppose -62 - 474 = -i*o. What is the tens digit of o?
3
Let h(t) = 3*t + 8 + t - 3 - 29*t**3. Let n be -6 + -4 - (-6 + (-20)/10). What is the hundreds digit of h(n)?
2
Let v(a) = 33*a - 25. Let o be v(3). Let z be 15/(7/(-7) - (-76)/o). Let p = z - 372. What is the units digit of p?
3
Let f(i) = 2*i**3 + i**2 + 33*i + 14. What is the hundreds digit of f(5)?
4
Let h = 141 + -137. Suppose -h*o + 16 = b + 1, -3*b + 15 = -3*o. What is the units digit of b?
7
Suppose 2*x = -2*x - 8, 3*x + 6 = -5*f. Let m = -21 + 30. Suppose f = -m*n - 224 + 674. What is the units digit of n?
0
Suppose 0 = 4*i - 11 - 1. Suppose -2*k - i*q + 38 = 199, 0 = -4*k + 3*q - 277. Let c = 89 + k. What is the units digit of c?
6
Let n be -1 - (-2 - -303 - (1 + 3)). What is the hundreds digit of (-52)/13*n/4?
2
Let w be (-198 + 12)*45/6. Let u = w + 2219. What is the tens digit of u?
2
Let b(i) = 1 + 0*i**2 - 42685*i - i**2 + 42666*i. Suppose -22 + 0 = w + 2*k, -5*k = w + 34. What is the units digit of b(w)?
1
Suppose -4*n - 4*i = 20, -3*n + 4*i + 1 + 19 = 0. Suppose 0 = -2*d - 5*x + 899, n = -10*d + 5*d + 4*x + 2165. What is the units dig